 6?
2450
-5513 (base 9) to base 6
-30450
What is -11410 (base 6) in base 9?
-2246
What is 12020133 (base 4) in base 3?
1021110100
What is 113114 (base 5) in base 15?
1374
What is -438 (base 11) in base 6?
-2233
307a (base 15) to base 2
10100000000000
What is -1299 (base 10) in base 6?
-10003
-7e (base 16) to base 8
-176
Convert -21231 (base 5) to base 6.
-10401
20287 (base 10) to base 12
b8a7
Convert -100000000100101 (base 2) to base 10.
-16421
Convert -111001101 (base 2) to base 11.
-38a
269 (base 14) to base 2
111100101
-1110022 (base 4) to base 9
-7344
Convert -31621 (base 9) to base 16.
-51b5
What is -17031 (base 12) in base 2?
-1000000001100101
Convert 16aa (base 14) to base 11.
3070
2021 (base 4) to base 5
1022
Convert 89 (base 14) to base 9.
144
Convert -55 (base 13) to base 7.
-130
Convert -a32b (base 13) to base 5.
-1210024
What is 3544 (base 12) in base 6?
43324
What is -1122320 (base 4) in base 2?
-1011010111000
Convert -528 (base 9) to base 13.
-272
2022211 (base 3) to base 13
a06
What is -1014 (base 6) in base 7?
-442
What is -4a (base 11) in base 14?
-3c
47b4 (base 15) to base 6
154324
3127 (base 9) to base 10
2293
-110201 (base 6) to base 3
-110112201
-287 (base 12) to base 2
-110000111
Convert 10116 (base 7) to base 2.
100110011111
What is 77c (base 13) in base 14?
67c
What is 12 (base 14) in base 2?
10000
-142 (base 5) to base 10
-47
-40401 (base 6) to base 3
-21022101
-1100001110 (base 2) to base 9
-1058
Convert -1000000010110 (base 2) to base 6.
-31022
Convert 389b (base 14) to base 10.
9937
What is 269 (base 13) in base 2?
110101001
What is 1011 (base 2) in base 14?
b
6888 (base 9) to base 16
13ee
Convert 11301 (base 4) to base 12.
269
Convert c91 (base 13) to base 8.
4142
What is -15b5 (base 14) in base 3?
-12022211
What is -5c9 (base 13) in base 12?
-702
-1112200 (base 3) to base 9
-1480
-23213 (base 4) to base 11
-616
-10413 (base 8) to base 2
-1000100001011
Convert -542 (base 11) to base 3.
-220010
What is -2203 (base 9) in base 8?
-3127
Convert -5a3 (base 15) to base 11.
-a62
What is -2322301 (base 5) in base 12?
-20509
Convert -2943 (base 10) to base 6.
-21343
Convert -c54a (base 14) to base 9.
-51538
11121211 (base 3) to base 8
6452
7d1 (base 15) to base 4
123223
100101010110 (base 2) to base 6
15022
-110110000111 (base 2) to base 5
-102323
Convert -130303 (base 4) to base 16.
-733
Convert 10603 (base 7) to base 8.
5212
22134 (base 7) to base 11
41a7
1110111101 (base 2) to base 9
1273
44d (base 16) to base 11
911
What is 939 (base 11) in base 9?
1486
2006 (base 9) to base 16
5b8
What is -1232 (base 13) in base 8?
-5020
Convert -25246 (base 10) to base 16.
-629e
What is 6512 (base 7) in base 4?
210020
-6919 (base 11) to base 10
-9095
Convert -210211 (base 3) to base 9.
-724
Convert 100122000 (base 3) to base 13.
3270
What is 33133 (base 7) in base 6?
102241
-12110 (base 3) to base 9
-173
2bc90 (base 13) to base 10
83434
Convert 213104 (base 5) to base 8.
16157
What is -304 (base 6) in base 16?
-70
What is -20202 (base 3) in base 14?
-d0
What is -1842 (base 11) in base 15?
-a65
What is -400 (base 6) in base 14?
-a4
What is 2884 (base 16) in base 3?
112020011
Convert 50 (base 11) to base 8.
67
Convert 1000110000 (base 2) to base 3.
202202
Convert -211001 (base 4) to base 6.
-14545
Convert 1102303 (base 5) to base 11.
13374
What is -23223 (base 4) in base 8?
-1353
What is -1021222 (base 3) in base 10?
-944
-2222020110 (base 3) to base 4
-32101332
What is 5201 (base 10) in base 12?
3015
13895 (base 13) to base 16
8f12
Convert 26d (base 14) to base 10.
489
What is -99 (base 10) in base 15?
-69
Convert -10203 (base 4) to base 3.
-101210
Convert -158 (base 11) to base 8.
-270
-4a (base 15) to base 12
-5a
Convert a24 (base 11) to base 9.
1623
-102022 (base 3) to base 8
-461
Convert 10000010 (base 2) to base 12.
aa
What is -7984 (base 12) in base 14?
-4cba
Convert -2201220211 (base 3) to base 10.
-53887
Convert 13871 (base 10) to base 4.
3120233
Convert -33f4 (base 16) to base 2.
-11001111110100
What is -1111 (base 3) in base 2?
-101000
-b4 (base 14) to base 11
-134
-12022020 (base 3) to base 11
-29a6
-e18 (base 15) to base 11
-2425
-1000312 (base 4) to base 5
-113100
2e2e (base 16) to base 14
4446
What is 8700 (base 9) in base 12?
3853
-244 (base 14) to base 4
-13010
What is 99 (base 16) in base 7?
306
What is 46454 (base 7) in base 11?
8a36
What is 37361 (base 10) in base 8?
110761
-101111010101010 (base 2) to base 16
-5eaa
Convert 4253 (base 8) to base 15.
9ce
What is 274 (base 12) in base 16?
178
Convert 23232 (base 4) to base 2.
1011101110
Convert -1613 (base 14) to base 2.
-111101100001
-8456 (base 9) to base 3
-22111220
25605 (base 7) to base 3
100100110
Convert -100075 (base 8) to base 2.
-1000000000111101
2999 (base 12) to base 15
1699
Convert ed3 (base 16) to base 4.
323103
Convert -255 (base 7) to base 6.
-350
Convert -10010011011010 (base 2) to base 6.
-111402
Convert 113023 (base 4) to base 6.
10511
What is -1000011000 (base 2) in base 4?
-20120
-20236 (base 9) to base 2
-11010000000101
80a0 (base 11) to base 10
10758
What is -2047 (base 12) in base 14?
-13cb
Convert 3593 (base 10) to base 5.
103333
10011100011 (base 2) to base 4
103203
Convert -746 (base 15) to base 10.
-1641
Convert -150 (base 13) to base 5.
-1414
-42414 (base 5) to base 15
-ca9
Convert 56a (base 13) to base 16.
3a5
1ac (base 15) to base 14
1d9
Convert 1ee4 (base 15) to base 3.
100020121
Convert 123062 (base 8) to base 6.
524550
What is -100101010 (base 2) in base 10?
-298
-22232221 (base 4) to base 16
-aba9
Convert e89 (base 16) to base 4.
322021
-21063 (base 7) to base 15
-1810
Convert 457a (base 11) to base 10.
6016
Convert 252 (base 9) to base 15.
de
-27106 (base 11) to base 3
-1222010022
What is 562 (base 9) in base 10?
461
-1110111000110 (base 2) to base 3
-101110022
-233 (base 14) to base 15
-1e2
What is 101234 (base 6) in base 4?
1332112
52e (base 15) to base 12
815
Convert -232020 (base 4) to base 12.
-1860
What is -174 (base 10) in base 12?
-126
What is 23136 (base 11) in base 7?
166323
Convert 393b (base 12) to base 11.
49a4
-11001000 (base 2) to base 9
-242
-134a (base 11) to base 7
-5045
What is 241 (base 10) in base 15?
111
Convert -1100000001 (base 2) to base 13.
-472
Convert -7aa (base 14) to base 10.
-1522
What is 111000111001 (base 2) in base 4?
320321
Convert 1001201 (base 4) to base 3.
12202022
-166 (base 11) to base 13
-11b
90 (base 16) to base 2
10010000
-93 (base 14) to base 16
-81
What is -624 (base 7) in base 2?
-100111000
3b0 (base 13) to base 2
1010001010
3038 (base 16) to base 12
7188
102001112 (base 3) to base 9
12045
268 (base 9) to base 8
340
-12708 (base 13) to base 6
-422030
Convert -20202001 (base 4) to base 16.
-8881
-11500 (base 6) to base 14
-88c
Convert 225 (base 7) to base 11.
a7
Convert -742 (base 11) to base 15.
-3e8
195 (base 11) to base 14
121
What is -110111000110010 (base 2) in base 4?
-12320302
What is -562 (base 8) in base 4?
-11302
What is d9b7 (base 14) in base 10?
37597
What is 133a (base 11) in base 16?
6c9
What is 145 (base 11) in base 2?
10101010
-118 (base 14) to base 3
-22002
1011011110111 (base 2) to base 5
142004
What is -43b (base 16) in base 3?
-1111010
What is 6466 (base 7) in base 15?
a37
Convert -346 (base 9) to base 2.
-100011101
-d96 (base 14) to base 12
-1674
171003 (base 8) to base 12
2ba2b
-1122 (base 8) to base 14
-306
-31229 (base 10) to base 4
-13213331
What is 3304 (base 5) in base 2?
111000110
Convert 1323413 (base 5) to base 9.
40603
What is 2733 (base 8) in base 13?
8b4
-11745 (base 9) to base 13
-3797
1194 (base 13) to base 6
15303
5a8 (base 14) to base 12
7a0
What is 940 (base 16) in base 11?
1863
-2110020 (base 3) to base 6
-12140
What is 101100011101 (base 2) in base 15?
c9a
Convert 4655 (base 10) to base 3.
20101102
What is a08 (base 16) in base 14?
d16
Convert -1859 (base 12) to base 11.
-2241
Convert 22781 (base 10) to base 14.
8433
Convert 1e9 (base 16) to base 3.
200010
1a3 (base 14) to base 13
201
a771 (base 11) to base 14
528b
Convert -45155 (base 7) to base 8.
-26220
What is 285 (base 11) in base 13?
1ca
What is -11020020 (base 3) in base 5?
-44314
210020200 (base 3) to base 15
48c9
Convert 263 (base 14) to base 7.
1253
What is 10000111 (base 3) in base 6?